e prime factors of 4823922.
2, 3, 803987
List the prime factors of 428764.
2, 7, 15313
What are the prime factors of 13544055?
3, 5, 7, 19, 31, 73
List the prime factors of 119084.
2, 7, 4253
List the prime factors of 70139.
70139
What are the prime factors of 733904?
2, 45869
What are the prime factors of 23172127?
11, 101, 20857
What are the prime factors of 7944762?
2, 3, 7, 61, 443
What are the prime factors of 158844?
2, 3, 7, 31, 61
List the prime factors of 1131894.
2, 3, 17, 137
List the prime factors of 2477076.
2, 3, 7, 37, 797
What are the prime factors of 19061510?
2, 5, 13, 11279
List the prime factors of 4484373.
3, 367, 4073
List the prime factors of 563707.
23, 24509
What are the prime factors of 6728625?
3, 5, 5981
What are the prime factors of 6539336?
2, 41, 19937
What are the prime factors of 2796999?
3, 932333
What are the prime factors of 1147640?
2, 5, 13, 2207
List the prime factors of 246021.
3, 82007
List the prime factors of 2509541.
2509541
What are the prime factors of 1162864?
2, 72679
List the prime factors of 209411.
197, 1063
What are the prime factors of 24551248?
2, 1534453
List the prime factors of 2571488.
2, 17, 29, 163
List the prime factors of 9467869.
43, 421, 523
What are the prime factors of 671554?
2, 13, 23, 1123
List the prime factors of 7218550.
2, 5, 23, 6277
List the prime factors of 30012.
2, 3, 41, 61
What are the prime factors of 35266421?
3499, 10079
List the prime factors of 82556.
2, 20639
List the prime factors of 155444.
2, 38861
What are the prime factors of 384669?
3, 1583
List the prime factors of 1205547.
3, 7, 59, 139
What are the prime factors of 2539769?
67, 37907
What are the prime factors of 1016532?
2, 3, 11, 17, 151
List the prime factors of 429413.
429413
What are the prime factors of 3986513?
3986513
What are the prime factors of 442652?
2, 7, 15809
What are the prime factors of 881544?
2, 3, 23, 1597
List the prime factors of 5275612.
2, 1318903
What are the prime factors of 4250330?
2, 5, 7, 60719
List the prime factors of 6675931.
6675931
What are the prime factors of 1155717?
3, 128413
What are the prime factors of 18301?
18301
What are the prime factors of 12126984?
2, 3, 17, 29723
What are the prime factors of 276181?
276181
List the prime factors of 1819431.
3, 29, 6971
List the prime factors of 9074753.
17, 533809
What are the prime factors of 4842621?
3, 7, 79, 139
What are the prime factors of 6684890?
2, 5, 53, 12613
List the prime factors of 632991.
3, 257, 821
What are the prime factors of 344898?
2, 3, 2129
What are the prime factors of 80407?
80407
List the prime factors of 443846.
2, 13, 43, 397
What are the prime factors of 680284?
2, 11, 15461
What are the prime factors of 8613804?
2, 3, 717817
What are the prime factors of 758464?
2, 7, 1693
What are the prime factors of 15743658?
2, 3, 7, 374849
List the prime factors of 5869202.
2, 59, 49739
List the prime factors of 91843.
29, 3167
What are the prime factors of 323164?
2, 173, 467
What are the prime factors of 7336949?
53, 138433
List the prime factors of 237376.
2, 3709
What are the prime factors of 3066328?
2, 383291
What are the prime factors of 651727?
651727
List the prime factors of 290737.
290737
List the prime factors of 58682.
2, 13, 37, 61
List the prime factors of 851990.
2, 5, 85199
What are the prime factors of 727041?
3, 7, 89, 389
List the prime factors of 45830.
2, 5, 4583
What are the prime factors of 30376500?
2, 3, 5, 7, 11, 263
List the prime factors of 3695092.
2, 923773
List the prime factors of 20407459.
71, 83, 3463
What are the prime factors of 6790842?
2, 3, 23, 47, 349
What are the prime factors of 14796795?
3, 5, 13, 449
List the prime factors of 258473.
43, 6011
What are the prime factors of 429036?
2, 3, 35753
What are the prime factors of 540149?
540149
List the prime factors of 4605784.
2, 575723
What are the prime factors of 3744750?
2, 3, 5, 4993
What are the prime factors of 6794273?
37, 47, 3907
What are the prime factors of 5208234?
2, 3, 868039
What are the prime factors of 672523?
41, 47, 349
What are the prime factors of 97001?
97001
What are the prime factors of 190001?
7, 27143
What are the prime factors of 1108438?
2, 29, 659
What are the prime factors of 268406?
2, 43, 3121
List the prime factors of 309043.
7, 17, 53
What are the prime factors of 8067549?
3, 7, 23, 16703
What are the prime factors of 15117978?
2, 3, 37, 68099
What are the prime factors of 2767390?
2, 5, 276739
What are the prime factors of 272540?
2, 5, 13627
What are the prime factors of 1848333?
3, 616111
List the prime factors of 104030.
2, 5, 101, 103
What are the prime factors of 696784?
2, 11, 37, 107
List the prime factors of 1272985.
5, 7, 37, 983
What are the prime factors of 8397999?
3, 199, 521
List the prime factors of 78348.
2, 3, 6529
List the prime factors of 3693659.
3693659
List the prime factors of 21576504.
2, 3, 491, 1831
What are the prime factors of 306512?
2, 19157
What are the prime factors of 141401?
13, 73, 149
List the prime factors of 5843494.
2, 1223, 2389
List the prime factors of 522550.
2, 5, 7, 1493
List the prime factors of 3231357.
3, 53, 20323
List the prime factors of 734752.
2, 22961
List the prime factors of 456971.
31, 14741
List the prime factors of 1132546.
2, 566273
List the prime factors of 636117.
3, 212039
List the prime factors of 249099.
3, 43, 1931
What are the prime factors of 1371532?
2, 41, 8363
List the prime factors of 438305.
5, 7, 1789
List the prime factors of 8022637.
7, 1146091
List the prime factors of 2161542.
2, 3, 360257
List the prime factors of 3298527.
3, 17, 21559
List the prime factors of 73230.
2, 3, 5, 2441
List the prime factors of 4510077.
3, 11, 13, 10513
What are the prime factors of 430668?
2, 3, 7, 1709
List the prime factors of 3586634.
2, 823, 2179
What are the prime factors of 32560?
2, 5, 11, 37
List the prime factors of 861927.
3, 11, 26119
What are the prime factors of 1738723?
7, 248389
What are the prime factors of 7654295?
5, 11, 139169
What are the prime factors of 373491?
3, 29, 53
List the prime factors of 191856.
2, 3, 7, 571
List the prime factors of 10944288.
2, 3, 53, 239
What are the prime factors of 1400396?
2, 41, 8539
List the prime factors of 945821.
599, 1579
List the prime factors of 201915.
3, 5, 7, 641
List the prime factors of 262965.
3, 5, 47, 373
What are the prime factors of 317504?
2, 11, 41
List the prime factors of 6270548.
2, 1567637
What are the prime factors of 125645?
5, 13, 1933
What are the prime factors of 3063527?
449, 6823
List the prime factors of 89350.
2, 5, 1787
What are the prime factors of 17171933?
17171933
List the prime factors of 4849069.
251, 19319
List the prime factors of 540951.
3, 180317
List the prime factors of 105660.
2, 3, 5, 587
What are the prime factors of 219479?
13, 16883
What are the prime factors of 2077257?
3, 7, 13, 1087
What are the prime factors of 1362107?
47, 73, 397
List the prime factors of 1899999.
3, 107, 1973
List the prime factors of 35017653.
3, 11, 1061141
What are the prime factors of 1577841?
3, 525947
List the prime factors of 320069.
101, 3169
List the prime factors of 255365.
5, 11, 4643
What are the prime factors of 1255327?
179, 7013
List the prime factors of 331086.
2, 3, 7, 7883
List the prime factors of 49811.
49811
What are the prime factors of 491515?
5, 197, 499
What are the prime factors of 96052?
2, 11, 37, 59
What are the prime factors of 85074?
2, 3, 11, 1289
What are the prime factors of 249515?
5, 7, 7129
List the prime factors of 136498.
2, 139, 491
List the prime factors of 7378897.
19, 388363
What are the prime factors of 151641?
3, 7, 29, 83
List the prime factors of 4494718.
2, 53, 42403
What are the prime factors of 24744887?
24744887
List the prime factors of 23580798.
2, 3, 83, 47351
What are the prime factors of 127507?
127507
List the prime factors of 4161317.
191, 21787
List the prime factors of 789108.
2, 3, 19, 3461
What are the prime factors of 681267?
3, 227089
What are the prime factors of 9510002?
2, 53, 73, 1229
List the prime factors of 1737706.
2, 17, 51109
List the prime factors of 2022803.
2022803
What are the prime factors of 480706?
2, 240353
What are the prime factors of 264181?
67, 3943
Lis